et p be 3/((-9)/(-2)) + (-51)/9. What is s(p)?
-4
Let b(w) be the first derivative of w**5/20 + w**4/2 + w**3/6 + 5*w**2/2 - 2*w + 1. Let d(v) be the first derivative of b(v). Let k = -1 + -5. Determine d(k).
-1
Let o = 22 - 10. Suppose -2*j = -k - o, 6*k = -j + k - 5. Suppose 5*u - 10 = -4*b, -j*u + 3*u + 4 = 2*b. Let m(d) = d - 4. Give m(b).
-4
Suppose 5*x = -4*s + s - 17, 26 = -2*s + 4*x. Let f(b) = 2*b + 8. What is f(s)?
-10
Let m(v) = v**2 + 2*v - 5. Let x be 207/63 + (-4)/14. Let r be x - ((-2 - -4) + 0). Let j be (16/(-4))/(r - 0). Give m(j).
3
Let s(d) = -299 + 5*d + 7*d + 303. What is s(2)?
28
Let l(d) = 5*d - 4*d - d**2 - 2 + d - 4*d + 1. Let q(p) = 3*p + 4. Let c(x) = -x + 1. Let b(v) = -4*c(v) - q(v). Let j be b(7). What is l(j)?
0
Let g = 7 - 2. Suppose g*j + 12 = -18. Let u(l) = -l**2 - 7*l + 2. What is u(j)?
8
Let f be 25/(-9) + 2/(-9). Let h(m) = -5*m + 7. Let l(r) = -r. Let o(n) = f*l(n) + h(n). Let j be 3/18 - (-35)/6. What is o(j)?
-5
Let a(b) = -b - 6. Let u be a(-7). Let l be 0 + u*-6 + 2. Let j(p) be the first derivative of p**3/3 + 2*p**2 - 3*p + 2. What is j(l)?
-3
Let b(p) = -p**2 + 5*p - 3. Let a be (0 - -6)/((-1 + 3)*1). What is b(a)?
3
Let c(s) be the first derivative of -5*s**4/12 - s**3/3 + s**2/2 + 8*s - 2. Let v(k) be the first derivative of c(k). Determine v(1).
-6
Let h(z) = 1. Let g(u) = u. Let w(f) = 3*g(f) + 2*h(f). Let t(o) = 14*o + 9. Let i(v) = -2*t(v) + 11*w(v). Calculate i(-3).
-11
Let t = -243 + 242. Let g(f) = -6*f**2 + 1. Calculate g(t).
-5
Let u be (-28)/7 + 13 - 2. Suppose 0*q + 15 = -5*q. Let z(x) = 4*x**2 - 2*x - 10. Let a(c) = -3*c**2 + 3*c + 9. Let s(n) = q*a(n) - 2*z(n). Give s(u).
7
Let a(g) be the third derivative of -g**7/840 + g**6/72 + g**5/120 + g**4/12 + 3*g**3 + 13*g**2. Let j(z) be the first derivative of a(z). What is j(5)?
7
Let m(o) be the first derivative of -9*o**2/2 + 10*o - 467. Calculate m(2).
-8
Let c(p) be the first derivative of 1/3*p**3 - 31 + p**2 - 2*p. Give c(-3).
1
Let q(v) = 12*v + 3. Let a(s) = -s**2 - 23*s - 46. Let i be a(-21). Give q(i).
-45
Let s = 103/208 - -1/208. Let v(p) be the first derivative of -9 + s*p**2 + 2*p**3 + p. What is v(-1)?
6
Let w(k) = 3*k**2 + 7*k + 5. Let y(n) = 7*n**2 + 13*n + 9. Let s(l) = 5*w(l) - 2*y(l). Let a = 1717 - 1724. Give s(a).
-7
Let z be (-2)/10 + 1313/65. Suppose 0 = -94*o + 90*o + z. Let u(v) be the first derivative of v**4/4 - 5*v**3/3 - 5*v + 1. Give u(o).
-5
Let q = 2 + -6. Let n(f) be the third derivative of f**6/120 + f**5/12 + 7*f**4/24 + f**3 - 501*f**2. What is n(q)?
-6
Suppose -3*z + 5*b + 26 = 0, -3*b - 11 - 1 = 0. Suppose 4*t + 5*h - 20 = 0, 3*h + 8 + z = 2*t. Let m(x) = t*x**2 + 11 - 14 + x**3 + 2*x + 0*x. Determine m(-5).
-13
Suppose -3*i + 3 = 18. Let o be -11 - i - -7 - (-14)/(-2). Let f(r) = -r - 4. Calculate f(o).
2
Suppose -5*i + 12 = 42. Let s(c) be the first derivative of -c**3/3 - 2*c**2 + 4*c + 128. What is s(i)?
-8
Let k be 0/((-12)/4 + 2). Suppose k = 2*i - 8 + 20. Let l = 9 + i. Let g(x) = x - 5. Determine g(l).
-2
Let a be 1*(2 - 0/3). Suppose 0 = -3*u - a + 5, r + 2*u = 5. Let x(v) = v**2 - 3*v - 1. Give x(r).
-1
Let c(k) be the first derivative of -4*k**2 - 3*k + 49. Calculate c(-2).
13
Let r(g) be the first derivative of 3/2*g**2 + 11*g - 1/20*g**5 + 5/12*g**4 - 6 - 2/3*g**3. Let s(c) be the first derivative of r(c). Calculate s(4).
3
Let f(c) be the second derivative of 0 + 0*c**2 - 7/6*c**3 + 5*c. Determine f(3).
-21
Let z(w) = -51*w**3 + 3*w**2 - 3*w + 5. Let g(i) = 76*i**3 - 4*i**2 + 4*i - 7. Let a(v) = 5*g(v) + 7*z(v). Determine a(1).
23
Let r = -727 - -723. Let h(x) = x**3 - x**2 - 1. Let g(d) = 6*d**3 - 2*d**2 - 4*d - 1. Let b(c) = g(c) - 5*h(c). What is b(r)?
4
Let z(a) = a**3 - 10*a**2 - 10*a - 1. Suppose -c + i = 3*i - 9, -c + 2*i + 13 = 0. What is z(c)?
10
Let l(r) = -r**2 - 3*r - 3. Let j(a) = 6*a**2 + 17*a + 16. Let m(t) = 2*j(t) + 11*l(t). Calculate m(-7).
41
Let l be 10 + (16/1)/(-4). Suppose -l = 2*q - 26. Let x = q - 15. Let v(y) = y**3 + 6*y**2 + 4*y + 4. Calculate v(x).
9
Let m(c) = 3*c**3 + 7 + 4*c**2 + 4*c - 3*c**3 - c**3. Let f = 42 - 37. Determine m(f).
2
Suppose 3*p - 39 = -5*k, 2*p + 2*k - 6 = 24. Suppose 5*g = 20, 2*o = o + 4*g - p. Let i(n) = 2*n**2 + 2*n - 1. Determine i(o).
3
Let n(j) = -j**3 - 8*j**2 + j + 10. Let t = -829 + 589. Let k be (-8)/14 - t/28. Suppose -w - k = -0*w - 5*g, 3*w = 5*g - 24. Give n(w).
2
Suppose m - 5*m + 20 = 0. Let c(w) = -w. Let p be c(-4). Let j(d) = -5*d**2 - 4*d**2 - p + 3*d**2 + d**2 + d**3. Calculate j(m).
-4
Let a = 25 + -13. Suppose a*t - 16*t + 20 = 0. Let w(b) = 2*b - 5. Calculate w(t).
5
Let o(s) = -s**2 + 5. Let u(y) = -4 + 5 - 3 - 3*y + 3*y**3 - 2*y**3. Let t be u(-2). Give o(t).
-11
Suppose -3*r - 4 = 2*g, -r + 27 = 4*g - 9*g. Let f(p) = p - 1. Let a(y) = -1. Let d(t) = a(t) - f(t). Calculate d(g).
5
Let j(g) = g + 13. Suppose 2*l + 37 = -5*w, -23*l + 28*l + 55 = -5*w. What is j(l)?
7
Let o(q) be the second derivative of q**4/12 - 5*q**3/6 + 3*q**2/2 + 41*q. Let w(v) = 5*v**2 - 1. Let c be (-4)/12*1*-3. Let u be w(c). What is o(u)?
-1
Let x = 55 - 49. Let c(k) = -k**3 + x - 5*k**2 + 101*k + 0*k**3 - 94*k. Calculate c(-6).
0
Suppose 4*n + 36 = 4*d + d, 8 = -d - 3*n. Let m(s) = 4*s + 4. What is m(d)?
20
Let s be (-10 - -7)*(-2)/(-6) + 172. Suppose s = y + 172. Let t(f) = -5*f. Determine t(y).
5
Suppose 0 = -3*d + 4*s + 17, -5*d - 3*s + 2*s = -36. Let r(h) = h**3 - 8 - 6*h**3 - h**2 + 778*h + 6*h**3 - 7*h**2 - 771*h. Determine r(d).
-8
Let w = -20 - -21. Let c(o) = -23*o**3 - 1. Let b be c(w). Let p = -23 - b. Let r(n) = -2*n**2 - 2*n + 1. Calculate r(p).
-3
Let f(c) be the first derivative of -c**3/3 + c**2/2 - 3*c + 241. Give f(-4).
-23
Let k(r) = 76*r + 1 - 40*r - 39*r. Let x = 55 + -52. Give k(x).
-8
Let j(f) = f + 8. Let l be j(-8). Let v(r) = 6 - 4 + 1 + 9*r + l + r**2. Suppose 16 + 11 = -3*b. Calculate v(b).
3
Let n(c) be the third derivative of -c**6/120 - 7*c**5/60 + c**4/24 + 5*c**3/6 + 887*c**2. Determine n(-6).
-37
Suppose 0 = -6*u + 10*u - 8. Let g(i) = -5 + i**2 - u*i**2 - 15*i + 22*i. Calculate g(4).
7
Let o be (-1)/(15/(-6)) - -4*(-42)/120. Let p(z) be the second derivative of -z**5/10 - z**3/3 - z**2/2 - 2*z. Give p(o).
3
Let j = -8 - -12. Suppose -2*u - j*y + 3*y + 9 = 0, -u - 4*y + 8 = 0. Let w(r) = r + 0*r - r + 3*r - u. Determine w(5).
11
Suppose 5*a - 11 = 4, 2*q = -a + 15. Let w(s) = s**3 - 7*s**2 + 5*s + 6. Give w(q).
0
Let q(o) = o**2 + 6*o + 6. Let t(x) = x + 3. Let d(j) = 2*j + 6. Let u(m) = -4*d(m) + 9*t(m). Let r be u(-9). What is q(r)?
6
Let n(f) = f**2 + 4*f + 3. Let h(t) = 9*t + 30. Let d be h(-3). Suppose 0 = -2*y + 3*b - 20, -d*y + 2*b - 28 = -2*b. Calculate n(y).
3
Let x(g) = g**2 - 10*g + 3. Let y(w) = w. Let l(z) = x(z) + 4*y(z). Let k be (6 + -7)/(1/5)*-1. Calculate l(k).
-2
Let k(n) = -n - 13. Suppose 3*g - 19 = 11. Suppose g + 20 = 3*j. Let z = 10 - j. Calculate k(z).
-13
Let l(m) = 17 - 5 - 7 - 4 + m - 11. Calculate l(7).
-3
Let b(x) = -4 - 182*x**3 + 10*x - 16*x**2 + 6*x + x + 181*x**3. Calculate b(-17).
-4
Let z(t) = 14*t**2 - 7*t + 3. Let f(u) = -3*u**2 - 1. Let h(r) = 5*f(r) + z(r). What is h(-8)?
-10
Let t(h) be the third derivative of -h**7/420 + h**6/180 + h**4/12 - 8*h**3/3 - 10*h**2. Let q(k) be the first derivative of t(k). Calculate q(2).
-6
Let z(j) = -j**3 + 4*j**2 - 3*j + 4. Let a be z(3). Let g = 49 - 46. Let h(m) = -28767*m**2 + m + 28770*m**2 - m**g + 2*m - 1. Calculate h(a).
-5
Let o(a) be the first derivative of -a**2 - 5*a + 375. Suppose 4*d - 8 = 2*x + 4, -4*x = -4*d + 20. Give o(x).
3
Let g = 22 - 20. Let b(f) = 3*f - 2*f + 2 - 2 + 9*f**g. Calculate b(1).
10
Let i(w) = 11*w - 204. Let o be i(18). Let l(d) = d**3 + 5*d**2 - 4*d + 11. What is l(o)?
-1
Let r(t) be the first derivative of 1/2*t**2 - 3 + 7*t. What is r(-3)?
4
Let l(m) = m**2 - 5*m - 8. Let z = -52 + 47. Let w(k) = k**3 + 4*k**2 - 4*k + 11. Let x be w(z). Calculate l(x).
-2
Let n(w) = 33*w - 428. Let a be n(13). Let m(i) = 3*i - 3. Determine m(a).
0
Let z(v) = 22*v**2 + v. Let m be (3 - -2) + 12/36*-18. What is z(m)?
21
Let o(v) = v**3 - 15*v**2 + 13*v + 23. Let k(l) = -18*l + 1382. Let s be k(76). What is o(s)?
9
Let j(m) = m - 10. Let v = 1006 + -1021. Determine j(v).
-25
Let r(j) be the third derivati